{"id":311,"date":"2025-10-30T15:14:45","date_gmt":"2025-10-30T14:14:45","guid":{"rendered":"https:\/\/thomasjaffre.fr\/?page_id=311"},"modified":"2026-01-13T22:14:55","modified_gmt":"2026-01-13T21:14:55","slug":"prestations","status":"publish","type":"page","link":"https:\/\/thomasjaffre.fr\/index.php\/prestations\/","title":{"rendered":"ASSAINISSEMENT"},"content":{"rendered":"\t\t<div data-elementor-type=\"wp-page\" data-elementor-id=\"311\" class=\"elementor elementor-311\">\n\t\t\t\t<div class=\"elementor-element elementor-element-fd56541 e-grid e-con-full elementor-invisible e-con e-parent\" data-id=\"fd56541\" data-element_type=\"container\" data-settings=\"{&quot;background_background&quot;:&quot;classic&quot;,&quot;animation&quot;:&quot;zoomIn&quot;}\">\n\t\t\t\t<div class=\"elementor-element elementor-element-ff9baf8 elementor-widget elementor-widget-image\" data-id=\"ff9baf8\" data-element_type=\"widget\" data-widget_type=\"image.default\">\n\t\t\t\t\t\t\t\t\t\t\t\t\t\t\t<img fetchpriority=\"high\" decoding=\"async\" width=\"1024\" height=\"768\" src=\"https:\/\/thomasjaffre.fr\/wp-content\/uploads\/2025\/12\/PHOTO-2025-12-08-08-47-07-1024x768.jpg\" class=\"attachment-large size-large wp-image-1628\" alt=\"\" srcset=\"https:\/\/thomasjaffre.fr\/wp-content\/uploads\/2025\/12\/PHOTO-2025-12-08-08-47-07-1024x768.jpg 1024w, https:\/\/thomasjaffre.fr\/wp-content\/uploads\/2025\/12\/PHOTO-2025-12-08-08-47-07-300x225.jpg 300w, https:\/\/thomasjaffre.fr\/wp-content\/uploads\/2025\/12\/PHOTO-2025-12-08-08-47-07-768x576.jpg 768w, https:\/\/thomasjaffre.fr\/wp-content\/uploads\/2025\/12\/PHOTO-2025-12-08-08-47-07-1536x1152.jpg 1536w, https:\/\/thomasjaffre.fr\/wp-content\/uploads\/2025\/12\/PHOTO-2025-12-08-08-47-07.jpg 2000w\" sizes=\"(max-width: 1024px) 100vw, 1024px\" \/>\t\t\t\t\t\t\t\t\t\t\t\t\t\t\t<\/div>\n\t\t<div class=\"elementor-element elementor-element-62628e3 e-grid e-con-boxed e-con e-child\" data-id=\"62628e3\" data-element_type=\"container\">\n\t\t\t\t\t<div class=\"e-con-inner\">\n\t\t\t\t<div class=\"elementor-element elementor-element-f7b33fb elementor-widget elementor-widget-heading\" data-id=\"f7b33fb\" data-element_type=\"widget\" data-widget_type=\"heading.default\">\n\t\t\t\t\t<h2 class=\"elementor-heading-title elementor-size-default\">Confiez vos travaux d'assainissement \u00e0 THOMAS JAFFRE<\/h2>\t\t\t\t<\/div>\n\t\t\t\t<div class=\"elementor-element elementor-element-e2251ea elementor-widget elementor-widget-text-editor\" data-id=\"e2251ea\" data-element_type=\"widget\" data-widget_type=\"text-editor.default\">\n\t\t\t\t\t\t\t\t\t<p>Au service des particuliers et des professionnels dans tout le Morbihan, nous vous proposons de r\u00e9aliser tous vos travaux de terrassements, d\u2019assainissements et de travaux publics.<\/p><p>Gr\u00e2ce \u00e0 notre large gamme de mat\u00e9riel performant, nous pouvons r\u00e9pondre \u00e0 toutes vos demandes en ce qui concerne des petits chantiers comme des grands chantiers.<\/p><p><strong>Nous mettons notre savoir-faire et notre exp\u00e9rience au service de vos projets.<\/strong><\/p><p>Nous travaillons \u00e9galement avec des architectes, des ma\u00eetres d\u2019\u0153uvres et des constructeurs.<\/p><p>Si vous avez des questions, contactez-nous!<\/p>\t\t\t\t\t\t\t\t<\/div>\n\t\t\t\t\t<\/div>\n\t\t\t\t<\/div>\n\t\t\t\t<\/div>\n\t\t<div class=\"elementor-element elementor-element-503185c e-flex e-con-boxed e-con e-parent\" data-id=\"503185c\" data-element_type=\"container\">\n\t\t\t\t\t<div class=\"e-con-inner\">\n\t\t\t\t<div class=\"elementor-element elementor-element-47a782e elementor-widget elementor-widget-heading\" data-id=\"47a782e\" data-element_type=\"widget\" data-widget_type=\"heading.default\">\n\t\t\t\t\t<h2 class=\"elementor-heading-title elementor-size-default\">Fort de notre exp\u00e9rience, nous pouvons r\u00e9aliser diff\u00e9rents travaux dans ce domaine :<\/h2>\t\t\t\t<\/div>\n\t\t\t\t\t<\/div>\n\t\t\t\t<\/div>\n\t\t<div class=\"elementor-element elementor-element-771e34ec e-flex e-con-boxed elementor-invisible e-con e-parent\" data-id=\"771e34ec\" data-element_type=\"container\" data-settings=\"{&quot;animation&quot;:&quot;zoomIn&quot;}\">\n\t\t\t\t\t<div class=\"e-con-inner\">\n\t\t<div class=\"elementor-element elementor-element-5b86c714 e-con-full e-grid e-con e-child\" data-id=\"5b86c714\" data-element_type=\"container\">\n\t\t\t\t<div class=\"elementor-element elementor-element-73c23fa3 ekit-equal-height-disable elementor-widget elementor-widget-elementskit-icon-box\" data-id=\"73c23fa3\" data-element_type=\"widget\" data-widget_type=\"elementskit-icon-box.default\">\n\t\t\t\t\t<div class=\"ekit-wid-con\" >        <!-- link opening -->\n                <!-- end link opening -->\n\n        <div class=\"elementskit-infobox text-center text- icon-lef-right-aligin elementor-animation-   \">\n                        <div class=\"box-body\">\n                            <h3 class=\"elementskit-info-box-title\">\n                    Le raccordement au tout-\u00e0-l\u2019\u00e9gout                <\/h3>\n                                            <\/div>\n        \n        \n                <\/div>\n        <\/div>\t\t\t\t<\/div>\n\t\t\t\t<div class=\"elementor-element elementor-element-d950fca ekit-equal-height-disable elementor-widget elementor-widget-elementskit-icon-box\" data-id=\"d950fca\" data-element_type=\"widget\" data-widget_type=\"elementskit-icon-box.default\">\n\t\t\t\t\t<div class=\"ekit-wid-con\" >        <!-- link opening -->\n                <!-- end link opening -->\n\n        <div class=\"elementskit-infobox text-center text- icon-lef-right-aligin elementor-animation-   \">\n                        <div class=\"box-body\">\n                            <h3 class=\"elementskit-info-box-title\">\n                    L\u2019installation des fosses septiques                <\/h3>\n                                            <\/div>\n        \n        \n                <\/div>\n        <\/div>\t\t\t\t<\/div>\n\t\t\t\t<div class=\"elementor-element elementor-element-4659922 ekit-equal-height-disable elementor-widget elementor-widget-elementskit-icon-box\" data-id=\"4659922\" data-element_type=\"widget\" data-widget_type=\"elementskit-icon-box.default\">\n\t\t\t\t\t<div class=\"ekit-wid-con\" >        <!-- link opening -->\n                <!-- end link opening -->\n\n        <div class=\"elementskit-infobox text-center text- icon-lef-right-aligin elementor-animation-   \">\n                        <div class=\"box-body\">\n                            <h3 class=\"elementskit-info-box-title\">\n                    La mise en place d\u2019un filtre \u00e0 sable                <\/h3>\n                                            <\/div>\n        \n        \n                <\/div>\n        <\/div>\t\t\t\t<\/div>\n\t\t\t\t<div class=\"elementor-element elementor-element-b52f5ee ekit-equal-height-disable elementor-widget elementor-widget-elementskit-icon-box\" data-id=\"b52f5ee\" data-element_type=\"widget\" data-widget_type=\"elementskit-icon-box.default\">\n\t\t\t\t\t<div class=\"ekit-wid-con\" >        <!-- link opening -->\n                <!-- end link opening -->\n\n        <div class=\"elementskit-infobox text-center text- icon-lef-right-aligin elementor-animation-   \">\n                        <div class=\"box-body\">\n                            <h3 class=\"elementskit-info-box-title\">\n                    La pose de micro station d\u2019\u00e9puration                <\/h3>\n                                            <\/div>\n        \n        \n                <\/div>\n        <\/div>\t\t\t\t<\/div>\n\t\t\t\t<div class=\"elementor-element elementor-element-4d98330 ekit-equal-height-disable elementor-widget elementor-widget-elementskit-icon-box\" data-id=\"4d98330\" data-element_type=\"widget\" data-widget_type=\"elementskit-icon-box.default\">\n\t\t\t\t\t<div class=\"ekit-wid-con\" >        <!-- link opening -->\n                <!-- end link opening -->\n\n        <div class=\"elementskit-infobox text-center text- icon-lef-right-aligin elementor-animation-   \">\n                        <div class=\"box-body\">\n                            <h3 class=\"elementskit-info-box-title\">\n                    La r\u00e9alisation de tranch\u00e9e                <\/h3>\n                                            <\/div>\n        \n        \n                <\/div>\n        <\/div>\t\t\t\t<\/div>\n\t\t\t\t<div class=\"elementor-element elementor-element-967bb28 ekit-equal-height-disable elementor-widget elementor-widget-elementskit-icon-box\" data-id=\"967bb28\" data-element_type=\"widget\" data-widget_type=\"elementskit-icon-box.default\">\n\t\t\t\t\t<div class=\"ekit-wid-con\" >        <!-- link opening -->\n                <!-- end link opening -->\n\n        <div class=\"elementskit-infobox text-center text- icon-lef-right-aligin elementor-animation-   \">\n                        <div class=\"box-body\">\n                            <h3 class=\"elementskit-info-box-title\">\n                    La pose de canalisation                <\/h3>\n                                            <\/div>\n        \n        \n                <\/div>\n        <\/div>\t\t\t\t<\/div>\n\t\t\t\t<div class=\"elementor-element elementor-element-fbe4283 ekit-equal-height-disable elementor-widget elementor-widget-elementskit-icon-box\" data-id=\"fbe4283\" data-element_type=\"widget\" data-widget_type=\"elementskit-icon-box.default\">\n\t\t\t\t\t<div class=\"ekit-wid-con\" >        <!-- link opening -->\n                <!-- end link opening -->\n\n        <div class=\"elementskit-infobox text-center text- icon-lef-right-aligin elementor-animation-   \">\n                        <div class=\"box-body\">\n                            <h3 class=\"elementskit-info-box-title\">\n                    L\u2019\u00e9pandage (traitement de la fosse septique)                <\/h3>\n                                            <\/div>\n        \n        \n                <\/div>\n        <\/div>\t\t\t\t<\/div>\n\t\t\t\t<div class=\"elementor-element elementor-element-3befaee ekit-equal-height-disable elementor-widget elementor-widget-elementskit-icon-box\" data-id=\"3befaee\" data-element_type=\"widget\" data-widget_type=\"elementskit-icon-box.default\">\n\t\t\t\t\t<div class=\"ekit-wid-con\" >        <!-- link opening -->\n                <!-- end link opening -->\n\n        <div class=\"elementskit-infobox text-center text- icon-lef-right-aligin elementor-animation-   \">\n                        <div class=\"box-body\">\n                            <h3 class=\"elementskit-info-box-title\">\n                    Pose de cuves (r\u00e9cup\u00e9ration des eaux de pluie)                <\/h3>\n                                            <\/div>\n        \n        \n                <\/div>\n        <\/div>\t\t\t\t<\/div>\n\t\t\t\t<div class=\"elementor-element elementor-element-39e9bbe ekit-equal-height-disable elementor-widget elementor-widget-elementskit-icon-box\" data-id=\"39e9bbe\" data-element_type=\"widget\" data-widget_type=\"elementskit-icon-box.default\">\n\t\t\t\t\t<div class=\"ekit-wid-con\" >        <!-- link opening -->\n                <!-- end link opening -->\n\n        <div class=\"elementskit-infobox text-center text- icon-lef-right-aligin elementor-animation-   \">\n                        <div class=\"box-body\">\n                            <h3 class=\"elementskit-info-box-title\">\n                    La mise aux normes de vos anciennes installations                <\/h3>\n                                            <\/div>\n        \n        \n                <\/div>\n        <\/div>\t\t\t\t<\/div>\n\t\t\t\t<\/div>\n\t\t\t\t\t<\/div>\n\t\t\t\t<\/div>\n\t\t<div class=\"elementor-element elementor-element-6b24187 e-grid e-con-full elementor-invisible e-con e-parent\" data-id=\"6b24187\" data-element_type=\"container\" data-settings=\"{&quot;animation&quot;:&quot;zoomIn&quot;}\">\n\t\t\t\t<div class=\"elementor-element elementor-element-0ae8f6a elementor-widget elementor-widget-image\" data-id=\"0ae8f6a\" data-element_type=\"widget\" data-widget_type=\"image.default\">\n\t\t\t\t\t\t\t\t\t\t\t\t\t\t\t<img decoding=\"async\" src=\"https:\/\/thomasjaffre.fr\/wp-content\/uploads\/elementor\/thumbs\/PHOTO-2025-12-08-08-47-14-2-rgqenp4aufrak1oakydjjqc44f05nf0ogwdhzi3e6g.jpg\" title=\"PHOTO-2025-12-08-08-47-14 2\" alt=\"PHOTO-2025-12-08-08-47-14 2\" loading=\"lazy\" \/>\t\t\t\t\t\t\t\t\t\t\t\t\t\t\t<\/div>\n\t\t\t\t<div class=\"elementor-element elementor-element-844174e elementor-widget elementor-widget-image\" data-id=\"844174e\" data-element_type=\"widget\" data-widget_type=\"image.default\">\n\t\t\t\t\t\t\t\t\t\t\t\t\t\t\t<img decoding=\"async\" src=\"https:\/\/thomasjaffre.fr\/wp-content\/uploads\/elementor\/thumbs\/PHOTO-2025-12-08-08-47-09-2-rgqenijfiliaarxundj5k9zvypwl5jak3zt3mkd5e0.jpg\" title=\"PHOTO-2025-12-08-08-47-09 2\" alt=\"PHOTO-2025-12-08-08-47-09 2\" loading=\"lazy\" \/>\t\t\t\t\t\t\t\t\t\t\t\t\t\t\t<\/div>\n\t\t\t\t<div class=\"elementor-element elementor-element-bfebb66 elementor-widget elementor-widget-image\" data-id=\"bfebb66\" data-element_type=\"widget\" data-widget_type=\"image.default\">\n\t\t\t\t\t\t\t\t\t\t\t\t\t\t\t<img decoding=\"async\" src=\"https:\/\/thomasjaffre.fr\/wp-content\/uploads\/elementor\/thumbs\/PHOTO-2025-12-08-08-47-08-rgqenhllbrgzz5z7sv4izs8fdc17xu6trv5m5aejk8.jpg\" title=\"PHOTO-2025-12-08-08-47-08\" alt=\"PHOTO-2025-12-08-08-47-08\" loading=\"lazy\" \/>\t\t\t\t\t\t\t\t\t\t\t\t\t\t\t<\/div>\n\t\t\t\t<\/div>\n\t\t<div class=\"elementor-element elementor-element-6c92a5f e-grid e-con-boxed e-con e-parent\" data-id=\"6c92a5f\" data-element_type=\"container\">\n\t\t\t\t\t<div class=\"e-con-inner\">\n\t\t<div class=\"elementor-element elementor-element-6c1a8aa e-grid e-con-full elementor-invisible e-con e-child\" data-id=\"6c1a8aa\" data-element_type=\"container\" data-settings=\"{&quot;animation&quot;:&quot;zoomIn&quot;}\">\n\t\t\t\t<div class=\"elementor-element elementor-element-ba34557 elementor-widget elementor-widget-heading\" data-id=\"ba34557\" data-element_type=\"widget\" data-widget_type=\"heading.default\">\n\t\t\t\t\t<h2 class=\"elementor-heading-title elementor-size-default\">Collectif<\/h2>\t\t\t\t<\/div>\n\t\t\t\t<div class=\"elementor-element elementor-element-2943a6c elementor-widget elementor-widget-text-editor\" data-id=\"2943a6c\" data-element_type=\"widget\" data-widget_type=\"text-editor.default\">\n\t\t\t\t\t\t\t\t\t<p>Il est dit assainissement collectif lorsque toutes les\u00a0<span class=\"Apple-style-span\">eaux us\u00e9es<\/span>\u00a0d\u2019une habitation sont collect\u00e9es par un r\u00e9seau communal.<\/p>\t\t\t\t\t\t\t\t<\/div>\n\t\t\t\t<div class=\"elementor-element elementor-element-3a010ef elementor-widget elementor-widget-heading\" data-id=\"3a010ef\" data-element_type=\"widget\" data-widget_type=\"heading.default\">\n\t\t\t\t\t<h2 class=\"elementor-heading-title elementor-size-default\">Raccordements aux divers r\u00e9seaux<\/h2>\t\t\t\t<\/div>\n\t\t\t\t<div class=\"elementor-element elementor-element-1d31409 elementor-widget elementor-widget-text-editor\" data-id=\"1d31409\" data-element_type=\"widget\" data-widget_type=\"text-editor.default\">\n\t\t\t\t\t\t\t\t\t<ul><li>Branchements aux eaux pluviales<\/li><li>Aux eaux us\u00e9es<\/li><li>A l\u2019EDF<\/li><li>Au GAZ<\/li><li>Aux TELECOM<\/li><\/ul>\t\t\t\t\t\t\t\t<\/div>\n\t\t\t\t<\/div>\n\t\t<div class=\"elementor-element elementor-element-912df6b e-grid e-con-full elementor-invisible e-con e-child\" data-id=\"912df6b\" data-element_type=\"container\" data-settings=\"{&quot;animation&quot;:&quot;zoomIn&quot;}\">\n\t\t\t\t<div class=\"elementor-element elementor-element-3131b15 elementor-widget elementor-widget-heading\" data-id=\"3131b15\" data-element_type=\"widget\" data-widget_type=\"heading.default\">\n\t\t\t\t\t<h2 class=\"elementor-heading-title elementor-size-default\">Individuel<\/h2>\t\t\t\t<\/div>\n\t\t\t\t<div class=\"elementor-element elementor-element-64d3238 elementor-widget elementor-widget-text-editor\" data-id=\"64d3238\" data-element_type=\"widget\" data-widget_type=\"text-editor.default\">\n\t\t\t\t\t\t\t\t\t<p>Dans le cas o\u00f9 les habitations ne sont pas raccord\u00e9es \u00e0 un r\u00e9seau collectif, elles doivent \u00eatre \u00e9quip\u00e9es d\u2019une installation autonome dite\u00a0<span class=\"Apple-style-span\">assainissement non collectif ou individuel.<\/span><\/p><p>Cette installation servira \u00e0 traiter et \u00e9purer leurs eaux us\u00e9es, avant de les rejeter pour assurer la protection du milieu naturel.<\/p><p>Nous vous proposons donc la mise en place et l\u2019installation de fosses septiques ainsi que de micro-stations d\u2019\u00e9puration.<\/p><p>Nous assurons \u00e9galement la pose de canalisations qui servent \u00e0 collecter les eaux us\u00e9es (EU) ainsi que les eaux pluviales (EP).<\/p>\t\t\t\t\t\t\t\t<\/div>\n\t\t\t\t<\/div>\n\t\t\t\t\t<\/div>\n\t\t\t\t<\/div>\n\t\t<div class=\"elementor-element elementor-element-c0c0160 e-flex e-con-boxed e-con e-parent\" data-id=\"c0c0160\" data-element_type=\"container\">\n\t\t\t\t\t<div class=\"e-con-inner\">\n\t\t\t\t<div class=\"elementor-element elementor-element-e9e268a elementor-widget-divider--view-line elementor-widget elementor-widget-divider\" data-id=\"e9e268a\" data-element_type=\"widget\" data-widget_type=\"divider.default\">\n\t\t\t\t\t\t\t<div class=\"elementor-divider\">\n\t\t\t<span class=\"elementor-divider-separator\">\n\t\t\t\t\t\t<\/span>\n\t\t<\/div>\n\t\t\t\t\t\t<\/div>\n\t\t\t\t\t<\/div>\n\t\t\t\t<\/div>\n\t\t\t\t<\/div>\n\t\t","protected":false},"excerpt":{"rendered":"<p>Confiez vos travaux d&rsquo;assainissement \u00e0 THOMAS JAFFRE Au service des particuliers et des professionnels dans tout le Morbihan, nous vous [&hellip;]<\/p>\n","protected":false},"author":1,"featured_media":0,"parent":0,"menu_order":0,"comment_status":"closed","ping_status":"closed","template":"","meta":{"site-sidebar-layout":"no-sidebar","site-content-layout":"","ast-site-content-layout":"full-width-container","site-content-style":"default","site-sidebar-style":"default","ast-global-header-display":"","ast-banner-title-visibility":"","ast-main-header-display":"","ast-hfb-above-header-display":"","ast-hfb-below-header-display":"","ast-hfb-mobile-header-display":"","site-post-title":"disabled","ast-breadcrumbs-content":"","ast-featured-img":"disabled","footer-sml-layout":"","theme-transparent-header-meta":"","adv-header-id-meta":"","stick-header-meta":"","header-above-stick-meta":"","header-main-stick-meta":"","header-below-stick-meta":"","astra-migrate-meta-layouts":"default","ast-page-background-enabled":"default","ast-page-background-meta":{"desktop":{"background-color":"var(--ast-global-color-5)","background-image":"","background-repeat":"repeat","background-position":"center center","background-size":"auto","background-attachment":"scroll","background-type":"","background-media":"","overlay-type":"","overlay-color":"","overlay-opacity":"","overlay-gradient":""},"tablet":{"background-color":"","background-image":"","background-repeat":"repeat","background-position":"center center","background-size":"auto","background-attachment":"scroll","background-type":"","background-media":"","overlay-type":"","overlay-color":"","overlay-opacity":"","overlay-gradient":""},"mobile":{"background-color":"","background-image":"","background-repeat":"repeat","background-position":"center center","background-size":"auto","background-attachment":"scroll","background-type":"","background-media":"","overlay-type":"","overlay-color":"","overlay-opacity":"","overlay-gradient":""}},"ast-content-background-meta":{"desktop":{"background-color":"var(--ast-global-color-4)","background-image":"","background-repeat":"repeat","background-position":"center center","background-size":"auto","background-attachment":"scroll","background-type":"","background-media":"","overlay-type":"","overlay-color":"","overlay-opacity":"","overlay-gradient":""},"tablet":{"background-color":"var(--ast-global-color-4)","background-image":"","background-repeat":"repeat","background-position":"center center","background-size":"auto","background-attachment":"scroll","background-type":"","background-media":"","overlay-type":"","overlay-color":"","overlay-opacity":"","overlay-gradient":""},"mobile":{"background-color":"var(--ast-global-color-4)","background-image":"","background-repeat":"repeat","background-position":"center center","background-size":"auto","background-attachment":"scroll","background-type":"","background-media":"","overlay-type":"","overlay-color":"","overlay-opacity":"","overlay-gradient":""}},"footnotes":""},"class_list":["post-311","page","type-page","status-publish","hentry"],"_links":{"self":[{"href":"https:\/\/thomasjaffre.fr\/index.php\/wp-json\/wp\/v2\/pages\/311","targetHints":{"allow":["GET"]}}],"collection":[{"href":"https:\/\/thomasjaffre.fr\/index.php\/wp-json\/wp\/v2\/pages"}],"about":[{"href":"https:\/\/thomasjaffre.fr\/index.php\/wp-json\/wp\/v2\/types\/page"}],"author":[{"embeddable":true,"href":"https:\/\/thomasjaffre.fr\/index.php\/wp-json\/wp\/v2\/users\/1"}],"replies":[{"embeddable":true,"href":"https:\/\/thomasjaffre.fr\/index.php\/wp-json\/wp\/v2\/comments?post=311"}],"version-history":[{"count":236,"href":"https:\/\/thomasjaffre.fr\/index.php\/wp-json\/wp\/v2\/pages\/311\/revisions"}],"predecessor-version":[{"id":1716,"href":"https:\/\/thomasjaffre.fr\/index.php\/wp-json\/wp\/v2\/pages\/311\/revisions\/1716"}],"wp:attachment":[{"href":"https:\/\/thomasjaffre.fr\/index.php\/wp-json\/wp\/v2\/media?parent=311"}],"curies":[{"name":"wp","href":"https:\/\/api.w.org\/{rel}","templated":true}]}}